- 4*t**2 + 7*t - 1927. Determine i(1).
15
Let h(p) = -5 - p**3 + 10*p + 52*p**2 - 62*p**2 + 2*p**3. Suppose -2*n - 20 = -8. Let t be 9/(n/12 - 6/(-4)). Determine h(t).
4
Let t(w) be the first derivative of 3*w**4/2 + w**3/3 - 3*w**2/2 + 2*w + 2. Suppose 576 = -48*s + 624. Determine t(s).
6
Let v(i) = -180*i**2 + 2 + 82*i**2 - 59*i + 124*i**2 + 2*i**3 + 10. Calculate v(-15).
-3
Let c(h) = h**3 + 9*h**2 + 8*h - 8. Let a(k) = -k**3 + 7*k**2 - 14*k + 49. Let p be a(6). Let r be -3 + (-11 + 6)*p. Determine c(r).
-8
Let f(b) = 6*b - 2. Let d be -8*1/6*-3. Suppose -2*h - d = -10. Suppose -4*l + 12 = -4*v - 4, h*l + 4*v = -2. Determine f(l).
10
Let t(v) be the second derivative of -v**4/12 + 7*v**3/6 - v**2 + v. Suppose -492*u - 223*u = -4290. Determine t(u).
4
Suppose 435*d - 440*d + 38 = 2*z, 5*z - d = 14. Let g(i) = -i + 13. Determine g(z).
9
Let h be 30/35 - (-3)/21. Let m(y) = y**3 - y**2 + 90*y + 9. Let w(d) = -d**2 + 121*d + 11. Let q(b) = -4*m(b) + 3*w(b). Calculate q(h).
-3
Let k(p) = p**3 + 14*p**2 - 36*p - 643. Let y be k(-13). Let t(s) = s**3 + 7*s**2 - 5*s - 11. Give t(y).
55
Let y be (280/50 - 2/(-5))*2. Let b(u) = -y*u + 2*u**2 + 0*u - 1 - u**2 + 0*u. Determine b(13).
12
Let o(n) = -n**2 - 25*n - 101. Let d be o(-22). Let m(l) = l**3 + 33*l**2 - 72*l - 39. What is m(d)?
31
Let t be 232/14 - (-36)/84. Let w = t - 29. Let x be (2 - -1) + (w - -2). Let h(r) = r**3 + 6*r**2 - 7*r - 1. Calculate h(x).
-1
Let s(d) = -71*d - 128. Let j be s(-2). Let n(l) = -8 + 8 + j*l - 2*l**2 - 1 - 1. Determine n(7).
-2
Suppose 3*j = 5*j - z - 1, 3*z - 6 = 3*j. Let s(v) = -506*v + 506*v - 4*v**2 - v**j. Give s(-4).
0
Let x(y) be the third derivative of -y**4/24 - y**3/6 - 3*y**2 - 3*y - 6. Suppose -h = -5*h + 8. What is x(h)?
-3
Suppose 3*g - 6*g - 5*y = -17, 11 = g - y. Let u(j) = 27*j - 43. Let k(z) = 8*z - 14. Let d(m) = -7*k(m) + 2*u(m). What is d(g)?
-6
Let j = -47 - -59. Let z(m) = 13*m - 2 + m - 15 - 7*m - 6*m. Calculate z(j).
-5
Let i(j) = 8*j - 2 - 5 - j**2 + 0. Let k be (4 - ((-4 - -5) + 2 + 5)) + 10. Determine i(k).
5
Let v(o) = -o**3 - o. Let d(h) = -4*h**3 + 8*h**2 - 4*h + 10. Let i(a) = -d(a) + 5*v(a). Suppose 3*m + 15 = -9. Determine i(m).
-2
Let d be -9 + -1 - (-6 - (-2 + -1)). Let g(a) be the first derivative of a**2 - 5*a + 6. Calculate g(d).
-19
Suppose -89*v + 20*v = 69. Let x(k) = -20*k**3 - 1. What is x(v)?
19
Let m(l) be the second derivative of -l**3 + 3*l. Let s be m(-1). Let h(k) be the second derivative of -k**4/12 + 5*k**3/6 + k**2/2 + 157*k. Calculate h(s).
-5
Let h(q) = 2*q**3 - 110*q**2 - 8*q - 32. Let y(d) = -d**3 + 74*d**2 + 5*d + 20. Let c(v) = -5*h(v) - 8*y(v). What is c(-21)?
0
Let g(s) = -14*s - 46. Let q(t) = -56*t - 1515. Let d be q(-27). Determine g(d).
-4
Let h(u) = 0 + 1182*u + 228*u - 1411*u + 0. Suppose g = -2*g + 12. Determine h(g).
-4
Let f(v) = -v**3 + 22*v**2 - v + 27. Suppose -56*a = 49*a - 2310. Determine f(a).
5
Let k(l) be the second derivative of l**3 + 7*l + 4*l**2 - 1/12*l**4 + 6. What is k(6)?
8
Suppose 0*g + 4*g - 20 = 2*u, 3*u - 58 = -5*g. Let z(l) = l**2 - 9*l + 14. Calculate z(g).
6
Suppose -4*t - 177 = 5*u, 0 = 5*u - 3*t + 4*t + 183. Let a = -38 - u. Let r(g) = 8*g**2 - 4 - 2 + 2 + 5. Give r(a).
9
Let g be 56/10 - (-2)/5. Suppose 5*k - 2*k + 5*b = 2647, 4*k = -3*b + 3511. Let h(f) = -f**2 - 1758 + 880 + 4*f + k. What is h(g)?
-16
Let v = -22 + 28. Suppose -v*k + 8 = -2*k. Let n(p) = 3*p**2 + p - 41 - 2*p**k + 36. Determine n(-4).
7
Let p(w) = -22*w**2 - 2*w - 9. Let o(v) = -19*v**2 - v - 4. Let n(z) = -6*o(z) + 5*p(z). Give n(-3).
27
Suppose -9*f = 3*f + 1548. Let x = 139 + f. Let w(q) = -2*q + 15. Calculate w(x).
-5
Let m(o) be the third derivative of -o**6/60 + 37*o**5/60 - 2*o**4/3 - 29*o**3/6 + 1766*o**2. Determine m(18).
7
Let v(m) = -179*m + 4*m**2 + 201*m + 9 - 2. Let c(w) = 3*w**2 + 15*w + 5. Let f(k) = 7*c(k) - 5*v(k). Let x = -251 + 254. Give f(x).
-6
Let x = -84 - -88. Suppose x - 1 = -j. Let v be (15/(-6) + 3)*-18 - j. Let p(i) = -i**3 - 7*i**2 - 5*i + 4. Calculate p(v).
-2
Let u(a) = -a - 15. Let g = 45 - 34. Let b be u(g). Let c(x) = -x**2 - 27*x - 28. Let q be c(b). Let j(p) = 2*p**3 + 2*p**2 + p + 2. Calculate j(q).
-8
Suppose 17 = 3*h + 20. Let x(k) = -25*k**3 - 2*k**2 + 2. Let w be x(h). Suppose 3*a + 0*a - 17 = p, 0 = -5*a + 5*p + w. Let y(z) = -z**2 + 7*z - 6. Give y(a).
0
Let c(u) = -u**3 - 5*u**2 - 2*u - 4. Suppose -10 = -2*y + 3*x, -17*y - 25 = -22*y - 5*x. Suppose y*v + 21*j - 24*j = -22, 5*v - 5*j = -20. What is c(v)?
6
Let h(l) = l**2 - 36*l + 307. Suppose 0 = -4*a + 32, -a - 257 + 237 = -2*u. What is h(u)?
-1
Let b(j) be the first derivative of -27*j**2/2 - 110*j + 1736. Give b(-4).
-2
Let x be 8 + -2 + 20/4. Let q(z) = -x + 0*z - 8*z + 3*z + 8*z. Give q(5).
4
Let d(m) be the third derivative of m**5/60 + m**4/6 + 23*m**3/3 - 11*m**2 - 83*m. Determine d(0).
46
Let g(c) = 11 + 236*c**3 - 22*c + 4*c + 8*c - 235*c**3 - 6*c**2 + 7*c. Determine g(5).
-29
Let s(f) be the third derivative of -f**6/60 + f**5/120 + 31*f**3/6 - 16*f**2. Let j(p) be the first derivative of s(p). Give j(-1).
-7
Suppose 15 = 2*b - m + 39, 0 = -4*b + m - 52. Let o be 4 + (-2)/3 + b/6. Let i(u) = -2 - 8*u + 14*u - 11*u + o. Calculate i(-1).
4
Let p = 54 + -39. Let f = p - 10. Let r be (10 - f)/(-1 - -2). Let v(b) = -4*b + 5. Calculate v(r).
-15
Let d = 51 + -49. Let o(f) = -3 - 17*f**3 - f + 0*f - 3*f**d + 18*f**3. Suppose 6 = l + 2. Determine o(l).
9
Let h(g) = 2*g**3 + 2*g**2 - 6*g. Let d(r) = 3*r**3 + r**2 - 7*r + 1. Let p(w) = -3*d(w) + 4*h(w). Suppose 5656 = -17*c + 5690. Calculate p(c).
3
Suppose 0 = 3*v - k + 9, v + 3*k + 6 = 13. Let o be ((-45)/6)/(-15)*v. Let a(n) = -n + 1. Determine a(o).
2
Let p(d) = -d**3 + 11*d**2 - 26*d + 15. Let x be p(6). Let z(q) = -q - 4. Let v(g) = 7*g + 24. Let k(a) = x*z(a) + 6*v(a). Give k(7).
9
Let z = 2 + -9. Let d(c) = -c**3 - c**2 - 2*c + 2. Let q(b) = 2*b**3 - 4*b**2 + 2*b - 15. Let f = -1334 - -1333. Let w(t) = f*q(t) - 3*d(t). What is w(z)?
-19
Let i(m) be the second derivative of m**4/12 + m**3/2 + m**2 - m. Suppose -121*y = -141*y. Let b(h) = h**3 - 2*h**2 - 5*h - 4. Let v be b(y). Give i(v).
6
Let p(c) = 357 + 388 - c + 0*c - 2*c**2 + 7*c**2 - 764. Calculate p(3).
23
Let h(z) = z**3 + 23*z**2 + 41*z - 12. Let p be h(-21). Let r(l) = 0*l - 6*l + 2*l - p + 3*l. What is r(-8)?
-1
Let s = -22 + 23. Let i be (33/15 + s)/((-4)/(-10)). Let k be (1/1 + -9)*4/i. Let z(l) = -l**3 - 2*l**2 + 6*l + 3. Determine z(k).
11
Let d(t) = -t**3 - t**2 - 4*t - 9. Let n be d(-3). Suppose 3*p - n = -4*p. Suppose -4*f + v - 22 = 2*v, -2*v = p*f + 14. Let u(m) = -4*m - 6. Calculate u(f).
18
Let g(l) = l**2 + l - 3. Let n be (-78)/169 - (-138)/(-39). Let z be (152/32 + n)*-4. Determine g(z).
3
Let u(y) = 2*y**2 - 2*y + 1. Suppose 4*f - j - 12 = 0, -5*f + 24 = 5*j - 4*j. Suppose 2*b + b + 2*p - 5 = 0, 0 = b - 5*p + f. Give u(b).
1
Let n = 1 + 1. Let o(g) = -6*g**n - g**3 + 3 + 2 + 0*g**2 + 166*g - 164*g. Calculate o(-6).
-7
Let x = -5032 - -5028. Let t(z) = 3*z + 21. Give t(x).
9
Suppose 282*f - 311*f - 290 = 0. Let i(h) be the third derivative of h**4/24 + 2*h**3 - 25*h**2. What is i(f)?
2
Let n(a) be the first derivative of 6*a**4 - 2*a**3 + 8*a**2 - 5*a + 70. Let j(m) = 5*m**3 + m**2 + m. Let y(f) = -5*j(f) + n(f). Calculate y(-12).
7
Suppose -91*f + 70*f + 233 = -19. Let c(t) = -t**2 - 8*t + 226. Calculate c(f).
-14
Let r(k) = -2 + 9*k**2 + 1 + 16*k**2. Let w(l) = -10*l + 11. Let m be w(1). Suppose -2*o = -p + 11, -p - 3*o - m - 13 = 0. Calculate r(p).
24
Let n(a) = -2*a**2 + 13*a - 22. Let j = -257 - -259. Let g be n(j). Let m(d) = -d**2 + 2*d + 4. Calculate m(g).
-20
Let z(l) be the third derivative of 5*l**4/12 - l**3/3 + l**2. Let c = -68641 - -68644. Determine z(c).
28
Suppose 3*o + 3*v = -43 + 58, 0 = -3*o - 2*v + 12. Let n(s) = 19*s**2 - s - 1. What is n(o)?
73
Let b(m) = -m**2 + 4*m + 5. Let p(r) = -2*r**2 - 4*r - 1. Let q be p(0). Let i be 7/28 - q*(-19)/(-4). Determine b(i).
0
Suppose 88 + 48 = -68*m. Let d(f) = -2*f**3 - 3*f**2. What is d(m)?
4
Suppose 41793 = 2*l - 5*q, -4*l + 42127 + 41435 = -2*q. Let n(r) = l*r + 2*r**2 - r**3 - 2 - 20888*r + 0*r**2. Calculate n(2).
0
Suppose 5*b - 27 = c, -2*b = 3*b + 4*c - 42. Let p(i) = -2*i**2 + 9*i + 14. Calculate p(b).
